{"id":6916,"date":"2022-11-14T12:28:39","date_gmt":"2022-11-14T12:28:39","guid":{"rendered":"https:\/\/certa.uab.cat\/?page_id=6916"},"modified":"2024-03-01T11:22:14","modified_gmt":"2024-03-01T11:22:14","slug":"sistemes-optics-per-al-monitoratge-i-la-optimitzacio-de-processos-productius-continus","status":"publish","type":"page","link":"https:\/\/certa.uab.cat\/index.php\/que-oferim\/sistemes-optics\/sistemes-optics-per-al-monitoratge-i-la-optimitzacio-de-processos-productius-continus\/","title":{"rendered":"Sistemes \u00f2ptics per al monitoratge i la optimitzaci\u00f3 de processos productius continus"},"content":{"rendered":"[vc_row type=&#8221;full_width_content&#8221; full_screen_row_position=&#8221;middle&#8221; equal_height=&#8221;yes&#8221; content_placement=&#8221;middle&#8221; full_height=&#8221;yes&#8221; columns_placement=&#8221;stretch&#8221; scene_position=&#8221;center&#8221; text_color=&#8221;dark&#8221; text_align=&#8221;left&#8221; overlay_strength=&#8221;0.3&#8243; shape_divider_position=&#8221;bottom&#8221; bg_image_animation=&#8221;none&#8221;][vc_column column_padding=&#8221;no-extra-padding&#8221; column_padding_position=&#8221;all&#8221; background_color_opacity=&#8221;1&#8243; background_hover_color_opacity=&#8221;1&#8243; background_image=&#8221;6890&#8243; column_link_target=&#8221;_self&#8221; column_shadow=&#8221;none&#8221; column_border_radius=&#8221;none&#8221; width=&#8221;1\/4&#8243; tablet_width_inherit=&#8221;default&#8221; tablet_text_alignment=&#8221;default&#8221; phone_text_alignment=&#8221;default&#8221; column_border_width=&#8221;none&#8221; column_border_style=&#8221;solid&#8221; bg_image_animation=&#8221;none&#8221;][divider line_type=&#8221;No Line&#8221; custom_height=&#8221;500&#8243;][\/vc_column][vc_column column_padding=&#8221;padding-8-percent&#8221; column_padding_position=&#8221;all&#8221; background_color=&#8221;#f4f4f4&#8243; background_color_opacity=&#8221;1&#8243; background_hover_color_opacity=&#8221;1&#8243; column_link_target=&#8221;_self&#8221; column_shadow=&#8221;none&#8221; column_border_radius=&#8221;none&#8221; width=&#8221;3\/4&#8243; tablet_width_inherit=&#8221;default&#8221; tablet_text_alignment=&#8221;default&#8221; phone_text_alignment=&#8221;default&#8221; column_border_width=&#8221;none&#8221; column_border_style=&#8221;solid&#8221; bg_image_animation=&#8221;none&#8221;][nectar_animated_title heading_tag=&#8221;h5&#8243; style=&#8221;color-strip-reveal&#8221; color=&#8221;Accent-Color&#8221; text=&#8221;Sistemes \u00f2ptics&#8221;][vc_custom_heading text=&#8221;Sistemes \u00f2ptics per al monitoratge i la optimitzaci\u00f3 de processos productius continus&#8221; font_container=&#8221;tag:h2|font_size:42|text_align:left|line_height:52px&#8221; use_theme_fonts=&#8221;yes&#8221;][vc_column_text css=&#8221;.vc_custom_1709290812941{margin-top: 30px !important;margin-bottom: 30px !important;}&#8221;]Els processos productius poden alterar les caracter\u00edstiques nutricionals i sensorials dels aliments. El monitoratge en continu d&#8217;un proc\u00e9s productiu permet aturar-lo en el moment \u00f2ptim disminuint el sobreprocessament i, per tant, el possible impacte negatiu sobre aquestes caracter\u00edstiques i minimitzar el dany sobre nutrients. Addicionalment, la nostra tecnologia tamb\u00e9 permet disminuir el consum energ\u00e8tic i l\u2019empremta ecol\u00f2gica.<\/p>\n<p>S&#8217;han desenvolupat sistemes per a monitoritzar in situ i en continu processos per detectar el moment \u00f2ptim en la producci\u00f3: a) de iogurts monitoritzant el pH, b) de formatges monitoritzant la fermesa del gel,\u00a0 la sin\u00e8resi (dessuerat), o el proc\u00e9s complet mitjan\u00e7ant un enfocament integral assistit per intel\u00b7lig\u00e8ncia artificial (LactAI),\u00a0 i c ) d&#8217;emulsions c\u00e0rniques anticipant en l\u00ednia les p\u00e8rdues per cocci\u00f3 (minves). D&#8217;altra banda, la nostra tecnologia permet controlar els canvis en la mat\u00e8ria primera, com per exemple, deguts a tractaments t\u00e8rmics o les seves caracter\u00edstiques tecnol\u00f2giques.<\/p>\n<p>Tots aquests sistemes permeten el seu \u00fas a nivell de laboratori, aix\u00ed com en l\u00ednia, incorporats als equips industrials. La nostra tecnologia \u00e9s inn\u00f2cua, barata, r\u00e0pida, sensible i vers\u00e0til. A m\u00e9s a m\u00e9s, com que \u00e9s una PAT, facilita la presa de decisions a temps real, permetent rectificar o alterar factors del proc\u00e9s durant la producci\u00f3.<\/p>\n<p>El laboratori de sensors de fibra \u00f2ptica disposa de sis espectrofot\u00f2metres miniatura UV\/VIS\/NIR, un espectrofluor\u00edmetre de sobretaula, nombroses i variades fibres \u00f2ptiques, fonts de llum, filtres, polaritzadors, detectors, tres cubetes de mesura amb control de temperatura, un CoAguLab , un FluorLite-CoAguLab, diversos sensors i prototips, varis sistemes d&#8217;adquisici\u00f3 de dades \u00f2ptiques, dos controladors l\u00f2gics programables (PLC) port\u00e0tils per al monitoratge in situ amb sensors \u00f2ptics i programari personalitzat per identificar par\u00e0metres \u00f2ptics rellevants.<\/p>\n<p>La nostra tecnologia va dirigida a les ind\u00fastries agroaliment\u00e0ries que requereixen optimitzar els processos en termes de qualitat tant nutricional com tecnol\u00f2gica o sensorial del producte final, aix\u00ed com pel que fa al consum energ\u00e8tic.[\/vc_column_text][\/vc_column][\/vc_row]\n","protected":false},"excerpt":{"rendered":"<p>[vc_row type=&#8221;full_width_content&#8221; full_screen_row_position=&#8221;middle&#8221; equal_height=&#8221;yes&#8221; content_placement=&#8221;middle&#8221; full_height=&#8221;yes&#8221; columns_placement=&#8221;stretch&#8221; scene_position=&#8221;center&#8221; text_color=&#8221;dark&#8221; text_align=&#8221;left&#8221; overlay_strength=&#8221;0.3&#8243; shape_divider_position=&#8221;bottom&#8221; bg_image_animation=&#8221;none&#8221;][vc_column column_padding=&#8221;no-extra-padding&#8221; column_padding_position=&#8221;all&#8221; background_color_opacity=&#8221;1&#8243; background_hover_color_opacity=&#8221;1&#8243; background_image=&#8221;6890&#8243; column_link_target=&#8221;_self&#8221; column_shadow=&#8221;none&#8221; column_border_radius=&#8221;none&#8221; width=&#8221;1\/4&#8243; tablet_width_inherit=&#8221;default&#8221; tablet_text_alignment=&#8221;default&#8221; phone_text_alignment=&#8221;default&#8221;&#8230;<\/p>\n","protected":false},"author":3,"featured_media":0,"parent":6886,"menu_order":0,"comment_status":"closed","ping_status":"closed","template":"","meta":[],"aioseo_notices":[],"_links":{"self":[{"href":"https:\/\/certa.uab.cat\/index.php\/wp-json\/wp\/v2\/pages\/6916"}],"collection":[{"href":"https:\/\/certa.uab.cat\/index.php\/wp-json\/wp\/v2\/pages"}],"about":[{"href":"https:\/\/certa.uab.cat\/index.php\/wp-json\/wp\/v2\/types\/page"}],"author":[{"embeddable":true,"href":"https:\/\/certa.uab.cat\/index.php\/wp-json\/wp\/v2\/users\/3"}],"replies":[{"embeddable":true,"href":"https:\/\/certa.uab.cat\/index.php\/wp-json\/wp\/v2\/comments?post=6916"}],"version-history":[{"count":3,"href":"https:\/\/certa.uab.cat\/index.php\/wp-json\/wp\/v2\/pages\/6916\/revisions"}],"predecessor-version":[{"id":7152,"href":"https:\/\/certa.uab.cat\/index.php\/wp-json\/wp\/v2\/pages\/6916\/revisions\/7152"}],"up":[{"embeddable":true,"href":"https:\/\/certa.uab.cat\/index.php\/wp-json\/wp\/v2\/pages\/6886"}],"wp:attachment":[{"href":"https:\/\/certa.uab.cat\/index.php\/wp-json\/wp\/v2\/media?parent=6916"}],"curies":[{"name":"wp","href":"https:\/\/api.w.org\/{rel}","templated":true}]}}

Sistemes òptics per al monitoratge i la optimització de processos productius continus

[vc_row type=&#8221;full_width_content&#8221; full_screen_row_position=&#8221;middle&#8221; equal_height=&#8221;yes&#8221; content_placement=&#8221;middle&#8221; full_height=&#8221;yes&#8221; columns_placement=&#8221;stretch&#8221; scene_position=&#8221;center&#8221; text_color=&#8221;dark&#8221; text_align=&#8221;left&#8221; overlay_strength=&#8221;0.3&#8243; shape_divider_position=&#8221;bottom&#8221; bg_image_animation=&#8221;none&#8221;][vc_column column_padding=&#8221;no-extra-padding&#8221; column_padding_position=&#8221;all&#8221; background_color_opacity=&#8221;1&#8243; background_hover_color_opacity=&#8221;1&#8243; background_image=&#8221;6890&#8243; column_link_target=&#8221;_self&#8221; column_shadow=&#8221;none&#8221; column_border_radius=&#8221;none&#8221; width=&#8221;1/4&#8243; tablet_width_inherit=&#8221;default&#8221; tablet_text_alignment=&#8221;default&#8221; phone_text_alignment=&#8221;default&#8221; column_border_width=&#8221;none&#8221; column_border_style=&#8221;solid&#8221; bg_image_animation=&#8221;none&#8221;][divider line_type=&#8221;No Line&#8221; custom_height=&#8221;500&#8243;][/vc_column][vc_column column_padding=&#8221;padding-8-percent&#8221; column_padding_position=&#8221;all&#8221; background_color=&#8221;#f4f4f4&#8243; background_color_opacity=&#8221;1&#8243; background_hover_color_opacity=&#8221;1&#8243; column_link_target=&#8221;_self&#8221; column_shadow=&#8221;none&#8221; column_border_radius=&#8221;none&#8221; width=&#8221;3/4&#8243; tablet_width_inherit=&#8221;default&#8221; tablet_text_alignment=&#8221;default&#8221; phone_text_alignment=&#8221;default&#8221; column_border_width=&#8221;none&#8221; column_border_style=&#8221;solid&#8221; bg_image_animation=&#8221;none&#8221;][nectar_animated_title heading_tag=&#8221;h5&#8243; style=&#8221;color-strip-reveal&#8221; color=&#8221;Accent-Color&#8221; text=&#8221;Sistemes òptics&#8221;][vc_custom_heading text=&#8221;Sistemes òptics per al monitoratge i la optimització de processos productius continus&#8221; font_container=&#8221;tag:h2|font_size:42|text_align:left|line_height:52px&#8221; use_theme_fonts=&#8221;yes&#8221;][vc_column_text css=&#8221;.vc_custom_1709290812941{margin-top: 30px !important;margin-bottom: 30px !important;}&#8221;]Els processos productius poden alterar les característiques nutricionals i sensorials dels aliments. El monitoratge en continu d&#8217;un procés productiu permet aturar-lo en el moment òptim disminuint el sobreprocessament i, per tant, el possible impacte negatiu sobre aquestes característiques i minimitzar el dany sobre nutrients. Addicionalment, la nostra tecnologia també permet disminuir el consum energètic i l’empremta ecològica.</p>
<p>S&#8217;han desenvolupat sistemes per a monitoritzar in situ i en continu processos per detectar el moment òptim en la producció: a) de iogurts monitoritzant el pH, b) de formatges monitoritzant la fermesa del gel,  la sinèresi (dessuerat), o el procés complet mitjançant un enfocament integral assistit per intel·ligència artificial (LactAI),  i c ) d&#8217;emulsions càrniques anticipant en línia les pèrdues per cocció (minves). D&#8217;altra banda, la nostra tecnologia permet controlar els canvis en la matèria primera, com per exemple, deguts a tractaments tèrmics o les seves característiques tecnològiques.</p>
<p>Tots aquests sistemes permeten el seu ús a nivell de laboratori, així com en línia, incorporats als equips industrials. La nostra tecnologia és innòcua, barata, ràpida, sensible i versàtil. A més a més, com que és una PAT, facilita la presa de decisions a temps real, permetent rectificar o alterar factors del procés durant la producció.</p>
<p>El laboratori de sensors de fibra òptica disposa de sis espectrofotòmetres miniatura UV/VIS/NIR, un espectrofluorímetre de sobretaula, nombroses i variades fibres òptiques, fonts de llum, filtres, polaritzadors, detectors, tres cubetes de mesura amb control de temperatura, un CoAguLab , un FluorLite-CoAguLab, diversos sensors i prototips, varis sistemes d&#8217;adquisició de dades òptiques, dos controladors lògics programables (PLC) portàtils per al monitoratge in situ amb sensors òptics i programari personalitzat per identificar paràmetres òptics rellevants.</p>
<p>La nostra tecnologia va dirigida a les indústries agroalimentàries que requereixen optimitzar els processos en termes de qualitat tant nutricional com tecnològica o sensorial del producte final, així com pel que fa al consum energètic.[/vc_column_text][/vc_column][/vc_row]
