{"id":6905,"date":"2022-11-14T12:18:52","date_gmt":"2022-11-14T12:18:52","guid":{"rendered":"https:\/\/certa.uab.cat\/?page_id=6905"},"modified":"2022-11-14T12:24:42","modified_gmt":"2022-11-14T12:24:42","slug":"sistemes-optics-per-disminuir-el-malbaratament-alimentari-a-la-industria","status":"publish","type":"page","link":"https:\/\/certa.uab.cat\/index.php\/que-oferim\/sistemes-optics\/sistemes-optics-per-disminuir-el-malbaratament-alimentari-a-la-industria\/","title":{"rendered":"Sistemes \u00f2ptics per disminuir el malbaratament alimentari a la ind\u00fastria"},"content":{"rendered":"[vc_row type=&#8221;full_width_content&#8221; full_screen_row_position=&#8221;middle&#8221; equal_height=&#8221;yes&#8221; content_placement=&#8221;middle&#8221; full_height=&#8221;yes&#8221; columns_placement=&#8221;stretch&#8221; scene_position=&#8221;center&#8221; text_color=&#8221;dark&#8221; text_align=&#8221;left&#8221; overlay_strength=&#8221;0.3&#8243; shape_divider_position=&#8221;bottom&#8221; bg_image_animation=&#8221;none&#8221;][vc_column column_padding=&#8221;no-extra-padding&#8221; column_padding_position=&#8221;all&#8221; background_color_opacity=&#8221;1&#8243; background_hover_color_opacity=&#8221;1&#8243; background_image=&#8221;6891&#8243; column_link_target=&#8221;_self&#8221; column_shadow=&#8221;none&#8221; column_border_radius=&#8221;none&#8221; width=&#8221;1\/4&#8243; tablet_width_inherit=&#8221;default&#8221; tablet_text_alignment=&#8221;default&#8221; phone_text_alignment=&#8221;default&#8221; column_border_width=&#8221;none&#8221; column_border_style=&#8221;solid&#8221; bg_image_animation=&#8221;none&#8221;][divider line_type=&#8221;No Line&#8221; custom_height=&#8221;500&#8243;][\/vc_column][vc_column column_padding=&#8221;padding-8-percent&#8221; column_padding_position=&#8221;all&#8221; background_color=&#8221;#f4f4f4&#8243; background_color_opacity=&#8221;1&#8243; background_hover_color_opacity=&#8221;1&#8243; column_link_target=&#8221;_self&#8221; column_shadow=&#8221;none&#8221; column_border_radius=&#8221;none&#8221; width=&#8221;3\/4&#8243; tablet_width_inherit=&#8221;default&#8221; tablet_text_alignment=&#8221;default&#8221; phone_text_alignment=&#8221;default&#8221; column_border_width=&#8221;none&#8221; column_border_style=&#8221;solid&#8221; bg_image_animation=&#8221;none&#8221;][nectar_animated_title heading_tag=&#8221;h5&#8243; style=&#8221;color-strip-reveal&#8221; color=&#8221;Accent-Color&#8221; text=&#8221;Sistemes \u00f2ptics&#8221;][vc_custom_heading text=&#8221;Sistemes \u00f2ptics per disminuir el malbaratament alimentari a la ind\u00fastria&#8221; font_container=&#8221;tag:h2|font_size:42|text_align:left|line_height:52px&#8221; use_theme_fonts=&#8221;yes&#8221;][vc_column_text css=&#8221;.vc_custom_1668428303864{margin-top: 30px !important;margin-bottom: 30px !important;}&#8221;]La soluci\u00f3 proposada pel nostre grup es centra a reduir les p\u00e8rdues de la ind\u00fastria aliment\u00e0ria a la fase de producci\u00f3, en particular, dels sectors l\u00e0ctic i c\u00e0rnic. La FAO estableix que el 38% del consum total d&#8217;energia al sistema alimentari mundial s&#8217;utilitza per produir aliments que es perden o es fan malb\u00e9, fent evident que disminuir les deixalles \u00e9s clau per reduir l&#8217;empremta ecol\u00f2gica del sector.<\/p>\n<p>Es disposa de sistemes \u00f2ptics capa\u00e7os de reduir la p\u00e8rdua de s\u00f2lids durant la producci\u00f3 de formatges, en particular a trav\u00e9s del control de la fermesa de la quallada i\/o la sin\u00e8resi, aix\u00ed com controlant canvis en la mat\u00e8ria primera, com la mida de les micel\u00b7les de case\u00efna, o b\u00e9 la capacitat emulsionant i escumant de les prote\u00efnes del xerigot. Tamb\u00e9 s&#8217;aplica a la cocci\u00f3 d&#8217;emulsions c\u00e0rnies per reduir les minves.<\/p>\n<p>El sistema es basa en un conjunt de sensors de fibra \u00f2ptica a mida, realitzats per enc\u00e0rrec, que permeten ser utilitzats a nivell de laboratori i incorporats als equips industrials. Per primera vegada s&#8217;introdueix una tecnologia d&#8217;aquest tipus que es pot configurar inline, la qual, a m\u00e9s, \u00e9s m\u00e9s econ\u00f2mica i r\u00e0pida que les existents actualment al mercat i permet preses de decisi\u00f3 i rectificacions durant el proc\u00e9s de producci\u00f3. Aquesta optimitzaci\u00f3 de processos aporta com a benefici addicional una disminuci\u00f3 dels consums energ\u00e8tics.<\/p>\n<p>Actualment han manifestat inter\u00e8s per la nostra soluci\u00f3 diverses empreses productores d&#8217;aliments (end-users), empreses fabricants de maquin\u00e0ria per a la ind\u00fastria agroaliment\u00e0ria, aix\u00ed com empreses integradores i fot\u00f2niques.[\/vc_column_text][\/vc_column][\/vc_row]\n","protected":false},"excerpt":{"rendered":"<p>[vc_row type=&#8221;full_width_content&#8221; full_screen_row_position=&#8221;middle&#8221; equal_height=&#8221;yes&#8221; content_placement=&#8221;middle&#8221; full_height=&#8221;yes&#8221; columns_placement=&#8221;stretch&#8221; scene_position=&#8221;center&#8221; text_color=&#8221;dark&#8221; text_align=&#8221;left&#8221; overlay_strength=&#8221;0.3&#8243; shape_divider_position=&#8221;bottom&#8221; bg_image_animation=&#8221;none&#8221;][vc_column column_padding=&#8221;no-extra-padding&#8221; column_padding_position=&#8221;all&#8221; background_color_opacity=&#8221;1&#8243; background_hover_color_opacity=&#8221;1&#8243; background_image=&#8221;6891&#8243; column_link_target=&#8221;_self&#8221; column_shadow=&#8221;none&#8221; column_border_radius=&#8221;none&#8221; width=&#8221;1\/4&#8243; tablet_width_inherit=&#8221;default&#8221; tablet_text_alignment=&#8221;default&#8221; phone_text_alignment=&#8221;default&#8221;&#8230;<\/p>\n","protected":false},"author":3,"featured_media":0,"parent":6886,"menu_order":0,"comment_status":"closed","ping_status":"closed","template":"","meta":[],"aioseo_notices":[],"_links":{"self":[{"href":"https:\/\/certa.uab.cat\/index.php\/wp-json\/wp\/v2\/pages\/6905"}],"collection":[{"href":"https:\/\/certa.uab.cat\/index.php\/wp-json\/wp\/v2\/pages"}],"about":[{"href":"https:\/\/certa.uab.cat\/index.php\/wp-json\/wp\/v2\/types\/page"}],"author":[{"embeddable":true,"href":"https:\/\/certa.uab.cat\/index.php\/wp-json\/wp\/v2\/users\/3"}],"replies":[{"embeddable":true,"href":"https:\/\/certa.uab.cat\/index.php\/wp-json\/wp\/v2\/comments?post=6905"}],"version-history":[{"count":2,"href":"https:\/\/certa.uab.cat\/index.php\/wp-json\/wp\/v2\/pages\/6905\/revisions"}],"predecessor-version":[{"id":6912,"href":"https:\/\/certa.uab.cat\/index.php\/wp-json\/wp\/v2\/pages\/6905\/revisions\/6912"}],"up":[{"embeddable":true,"href":"https:\/\/certa.uab.cat\/index.php\/wp-json\/wp\/v2\/pages\/6886"}],"wp:attachment":[{"href":"https:\/\/certa.uab.cat\/index.php\/wp-json\/wp\/v2\/media?parent=6905"}],"curies":[{"name":"wp","href":"https:\/\/api.w.org\/{rel}","templated":true}]}}

Sistemes òptics per disminuir el malbaratament alimentari a la indústria

[vc_row type=&#8221;full_width_content&#8221; full_screen_row_position=&#8221;middle&#8221; equal_height=&#8221;yes&#8221; content_placement=&#8221;middle&#8221; full_height=&#8221;yes&#8221; columns_placement=&#8221;stretch&#8221; scene_position=&#8221;center&#8221; text_color=&#8221;dark&#8221; text_align=&#8221;left&#8221; overlay_strength=&#8221;0.3&#8243; shape_divider_position=&#8221;bottom&#8221; bg_image_animation=&#8221;none&#8221;][vc_column column_padding=&#8221;no-extra-padding&#8221; column_padding_position=&#8221;all&#8221; background_color_opacity=&#8221;1&#8243; background_hover_color_opacity=&#8221;1&#8243; background_image=&#8221;6891&#8243; column_link_target=&#8221;_self&#8221; column_shadow=&#8221;none&#8221; column_border_radius=&#8221;none&#8221; width=&#8221;1/4&#8243; tablet_width_inherit=&#8221;default&#8221; tablet_text_alignment=&#8221;default&#8221; phone_text_alignment=&#8221;default&#8221; column_border_width=&#8221;none&#8221; column_border_style=&#8221;solid&#8221; bg_image_animation=&#8221;none&#8221;][divider line_type=&#8221;No Line&#8221; custom_height=&#8221;500&#8243;][/vc_column][vc_column column_padding=&#8221;padding-8-percent&#8221; column_padding_position=&#8221;all&#8221; background_color=&#8221;#f4f4f4&#8243; background_color_opacity=&#8221;1&#8243; background_hover_color_opacity=&#8221;1&#8243; column_link_target=&#8221;_self&#8221; column_shadow=&#8221;none&#8221; column_border_radius=&#8221;none&#8221; width=&#8221;3/4&#8243; tablet_width_inherit=&#8221;default&#8221; tablet_text_alignment=&#8221;default&#8221; phone_text_alignment=&#8221;default&#8221; column_border_width=&#8221;none&#8221; column_border_style=&#8221;solid&#8221; bg_image_animation=&#8221;none&#8221;][nectar_animated_title heading_tag=&#8221;h5&#8243; style=&#8221;color-strip-reveal&#8221; color=&#8221;Accent-Color&#8221; text=&#8221;Sistemes òptics&#8221;][vc_custom_heading text=&#8221;Sistemes òptics per disminuir el malbaratament alimentari a la indústria&#8221; font_container=&#8221;tag:h2|font_size:42|text_align:left|line_height:52px&#8221; use_theme_fonts=&#8221;yes&#8221;][vc_column_text css=&#8221;.vc_custom_1668428303864{margin-top: 30px !important;margin-bottom: 30px !important;}&#8221;]La solució proposada pel nostre grup es centra a reduir les pèrdues de la indústria alimentària a la fase de producció, en particular, dels sectors làctic i càrnic. La FAO estableix que el 38% del consum total d&#8217;energia al sistema alimentari mundial s&#8217;utilitza per produir aliments que es perden o es fan malbé, fent evident que disminuir les deixalles és clau per reduir l&#8217;empremta ecològica del sector.</p>
<p>Es disposa de sistemes òptics capaços de reduir la pèrdua de sòlids durant la producció de formatges, en particular a través del control de la fermesa de la quallada i/o la sinèresi, així com controlant canvis en la matèria primera, com la mida de les micel·les de caseïna, o bé la capacitat emulsionant i escumant de les proteïnes del xerigot. També s&#8217;aplica a la cocció d&#8217;emulsions càrnies per reduir les minves.</p>
<p>El sistema es basa en un conjunt de sensors de fibra òptica a mida, realitzats per encàrrec, que permeten ser utilitzats a nivell de laboratori i incorporats als equips industrials. Per primera vegada s&#8217;introdueix una tecnologia d&#8217;aquest tipus que es pot configurar inline, la qual, a més, és més econòmica i ràpida que les existents actualment al mercat i permet preses de decisió i rectificacions durant el procés de producció. Aquesta optimització de processos aporta com a benefici addicional una disminució dels consums energètics.</p>
<p>Actualment han manifestat interès per la nostra solució diverses empreses productores d&#8217;aliments (end-users), empreses fabricants de maquinària per a la indústria agroalimentària, així com empreses integradores i fotòniques.[/vc_column_text][/vc_column][/vc_row]
