{"id":6470,"date":"2019-10-31T11:28:44","date_gmt":"2019-10-31T11:28:44","guid":{"rendered":"https:\/\/certa.uab.cat\/?page_id=6470"},"modified":"2019-10-31T11:32:12","modified_gmt":"2019-10-31T11:32:12","slug":"valorizacion-de-sub-productos","status":"publish","type":"page","link":"https:\/\/certa.uab.cat\/index.php\/es\/que-ofrecemos\/valorizacion-de-sub-productos\/","title":{"rendered":"Valorizaci\u00f3n de sub-productos"},"content":{"rendered":"[vc_row type=&#8221;full_width_content&#8221; full_screen_row_position=&#8221;middle&#8221; equal_height=&#8221;yes&#8221; content_placement=&#8221;middle&#8221; full_height=&#8221;yes&#8221; columns_placement=&#8221;stretch&#8221; scene_position=&#8221;center&#8221; text_color=&#8221;dark&#8221; text_align=&#8221;left&#8221; overlay_strength=&#8221;0.3&#8243; shape_divider_position=&#8221;bottom&#8221; bg_image_animation=&#8221;none&#8221;][vc_column column_padding=&#8221;no-extra-padding&#8221; column_padding_position=&#8221;all&#8221; background_color_opacity=&#8221;1&#8243; background_hover_color_opacity=&#8221;1&#8243; background_image=&#8221;6038&#8243; column_link_target=&#8221;_self&#8221; column_shadow=&#8221;none&#8221; column_border_radius=&#8221;none&#8221; width=&#8221;1\/4&#8243; tablet_width_inherit=&#8221;default&#8221; tablet_text_alignment=&#8221;default&#8221; phone_text_alignment=&#8221;default&#8221; column_border_width=&#8221;none&#8221; column_border_style=&#8221;solid&#8221; bg_image_animation=&#8221;none&#8221;][divider line_type=&#8221;No Line&#8221; custom_height=&#8221;500&#8243;][\/vc_column][vc_column column_padding=&#8221;padding-8-percent&#8221; column_padding_position=&#8221;all&#8221; background_color=&#8221;#f4f4f4&#8243; background_color_opacity=&#8221;1&#8243; background_hover_color_opacity=&#8221;1&#8243; column_link_target=&#8221;_self&#8221; column_shadow=&#8221;none&#8221; column_border_radius=&#8221;none&#8221; width=&#8221;3\/4&#8243; tablet_width_inherit=&#8221;default&#8221; tablet_text_alignment=&#8221;default&#8221; phone_text_alignment=&#8221;default&#8221; column_border_width=&#8221;none&#8221; column_border_style=&#8221;solid&#8221; bg_image_animation=&#8221;none&#8221;][nectar_animated_title heading_tag=&#8221;h5&#8243; style=&#8221;color-strip-reveal&#8221; color=&#8221;Accent-Color&#8221; text=&#8221;Qu\u00e9 ofrecemos&#8221;][vc_custom_heading text=&#8221;Valorizaci\u00f3n de sub-productos&#8221; font_container=&#8221;tag:h3|font_size:42|text_align:left|line_height:52px&#8221; use_theme_fonts=&#8221;yes&#8221;][vc_column_text css=&#8221;.vc_custom_1572521371979{margin-top: 30px !important;margin-bottom: 30px !important;}&#8221;]La industria agroalimentaria produce un elevado volumen de rechazo que no puede ser comercializado directamente pero que contiene ingredientes potencialmente valiosos. Nuestra oferta es utilizar estos ingredientes, s\u00f3lo eliminando sus caracter\u00edsticas indeseables (incluyendo la estabilizaci\u00f3n microbiol\u00f3gica) y realizando sencillas modificaciones para aumentar su funcionalidad.<\/p>\n<p>En el caso de los antioxidantes ya conocemos que la combinaci\u00f3n de diferentes compuestos proporciona un efecto sin\u00e9rgico que aumenta su efectividad. En sub-productos de origen vegetal frecuentemente la fracci\u00f3n rica en antioxidantes lo es tambi\u00e9n en fibra, y permite combinar ambas propiedades.[\/vc_column_text]<div class=\"nectar-fancy-ul\" data-list-icon=\"icon-salient-thin-line\" data-animation=\"false\" data-animation-delay=\"0\" data-color=\"accent-color\" data-spacing=\"default\" data-alignment=\"left\"> \n<ul>\n<li>Se han aplicado ingredientes naturalmente ricos en fibra en productos de panificaci\u00f3n y bebidas para mejorar su contenido en fibra, y al mismo tiempo tambi\u00e9n mejorar sus propiedades sensoriales y tecnol\u00f3gicas.<\/li>\n<li>A partir del suero de queser\u00eda, un importante subproducto de la industria l\u00e1ctea, se elaboraron batidos l\u00e1cteos saborizados. En otro proyecto similar, las prote\u00ednas s\u00e9ricas modificadas fueron utilizadas como ingrediente funcional en la preparaci\u00f3n de postres l\u00e1cteos, flanes y natillas.<\/li>\n<\/ul>\n <\/div>[\/vc_column][\/vc_row]\n","protected":false},"excerpt":{"rendered":"<p>[vc_row type=&#8221;full_width_content&#8221; full_screen_row_position=&#8221;middle&#8221; equal_height=&#8221;yes&#8221; content_placement=&#8221;middle&#8221; full_height=&#8221;yes&#8221; columns_placement=&#8221;stretch&#8221; scene_position=&#8221;center&#8221; text_color=&#8221;dark&#8221; text_align=&#8221;left&#8221; overlay_strength=&#8221;0.3&#8243; shape_divider_position=&#8221;bottom&#8221; bg_image_animation=&#8221;none&#8221;][vc_column column_padding=&#8221;no-extra-padding&#8221; column_padding_position=&#8221;all&#8221; background_color_opacity=&#8221;1&#8243; background_hover_color_opacity=&#8221;1&#8243; background_image=&#8221;6038&#8243; column_link_target=&#8221;_self&#8221; column_shadow=&#8221;none&#8221; column_border_radius=&#8221;none&#8221; width=&#8221;1\/4&#8243; tablet_width_inherit=&#8221;default&#8221; tablet_text_alignment=&#8221;default&#8221; phone_text_alignment=&#8221;default&#8221;&#8230;<\/p>\n","protected":false},"author":1,"featured_media":0,"parent":6421,"menu_order":0,"comment_status":"closed","ping_status":"closed","template":"","meta":[],"aioseo_notices":[],"_links":{"self":[{"href":"https:\/\/certa.uab.cat\/index.php\/wp-json\/wp\/v2\/pages\/6470"}],"collection":[{"href":"https:\/\/certa.uab.cat\/index.php\/wp-json\/wp\/v2\/pages"}],"about":[{"href":"https:\/\/certa.uab.cat\/index.php\/wp-json\/wp\/v2\/types\/page"}],"author":[{"embeddable":true,"href":"https:\/\/certa.uab.cat\/index.php\/wp-json\/wp\/v2\/users\/1"}],"replies":[{"embeddable":true,"href":"https:\/\/certa.uab.cat\/index.php\/wp-json\/wp\/v2\/comments?post=6470"}],"version-history":[{"count":3,"href":"https:\/\/certa.uab.cat\/index.php\/wp-json\/wp\/v2\/pages\/6470\/revisions"}],"predecessor-version":[{"id":6473,"href":"https:\/\/certa.uab.cat\/index.php\/wp-json\/wp\/v2\/pages\/6470\/revisions\/6473"}],"up":[{"embeddable":true,"href":"https:\/\/certa.uab.cat\/index.php\/wp-json\/wp\/v2\/pages\/6421"}],"wp:attachment":[{"href":"https:\/\/certa.uab.cat\/index.php\/wp-json\/wp\/v2\/media?parent=6470"}],"curies":[{"name":"wp","href":"https:\/\/api.w.org\/{rel}","templated":true}]}}

Valorización de sub-productos

[vc_row type=&#8221;full_width_content&#8221; full_screen_row_position=&#8221;middle&#8221; equal_height=&#8221;yes&#8221; content_placement=&#8221;middle&#8221; full_height=&#8221;yes&#8221; columns_placement=&#8221;stretch&#8221; scene_position=&#8221;center&#8221; text_color=&#8221;dark&#8221; text_align=&#8221;left&#8221; overlay_strength=&#8221;0.3&#8243; shape_divider_position=&#8221;bottom&#8221; bg_image_animation=&#8221;none&#8221;][vc_column column_padding=&#8221;no-extra-padding&#8221; column_padding_position=&#8221;all&#8221; background_color_opacity=&#8221;1&#8243; background_hover_color_opacity=&#8221;1&#8243; background_image=&#8221;6038&#8243; column_link_target=&#8221;_self&#8221; column_shadow=&#8221;none&#8221; column_border_radius=&#8221;none&#8221; width=&#8221;1/4&#8243; tablet_width_inherit=&#8221;default&#8221; tablet_text_alignment=&#8221;default&#8221; phone_text_alignment=&#8221;default&#8221; column_border_width=&#8221;none&#8221; column_border_style=&#8221;solid&#8221; bg_image_animation=&#8221;none&#8221;][divider line_type=&#8221;No Line&#8221; custom_height=&#8221;500&#8243;][/vc_column][vc_column column_padding=&#8221;padding-8-percent&#8221; column_padding_position=&#8221;all&#8221; background_color=&#8221;#f4f4f4&#8243; background_color_opacity=&#8221;1&#8243; background_hover_color_opacity=&#8221;1&#8243; column_link_target=&#8221;_self&#8221; column_shadow=&#8221;none&#8221; column_border_radius=&#8221;none&#8221; width=&#8221;3/4&#8243; tablet_width_inherit=&#8221;default&#8221; tablet_text_alignment=&#8221;default&#8221; phone_text_alignment=&#8221;default&#8221; column_border_width=&#8221;none&#8221; column_border_style=&#8221;solid&#8221; bg_image_animation=&#8221;none&#8221;][nectar_animated_title heading_tag=&#8221;h5&#8243; style=&#8221;color-strip-reveal&#8221; color=&#8221;Accent-Color&#8221; text=&#8221;Qué ofrecemos&#8221;][vc_custom_heading text=&#8221;Valorización de sub-productos&#8221; font_container=&#8221;tag:h3|font_size:42|text_align:left|line_height:52px&#8221; use_theme_fonts=&#8221;yes&#8221;][vc_column_text css=&#8221;.vc_custom_1572521371979{margin-top: 30px !important;margin-bottom: 30px !important;}&#8221;]La industria agroalimentaria produce un elevado volumen de rechazo que no puede ser comercializado directamente pero que contiene ingredientes potencialmente valiosos. Nuestra oferta es utilizar estos ingredientes, sólo eliminando sus características indeseables (incluyendo la estabilización microbiológica) y realizando sencillas modificaciones para aumentar su funcionalidad.</p>
<p>En el caso de los antioxidantes ya conocemos que la combinación de diferentes compuestos proporciona un efecto sinérgico que aumenta su efectividad. En sub-productos de origen vegetal frecuentemente la fracción rica en antioxidantes lo es también en fibra, y permite combinar ambas propiedades.[/vc_column_text]<div class="nectar-fancy-ul" data-list-icon="icon-salient-thin-line" data-animation="false" data-animation-delay="0" data-color="accent-color" data-spacing="default" data-alignment="left"> 
<ul>
<li>Se han aplicado ingredientes naturalmente ricos en fibra en productos de panificación y bebidas para mejorar su contenido en fibra, y al mismo tiempo también mejorar sus propiedades sensoriales y tecnológicas.</li>
<li>A partir del suero de quesería, un importante subproducto de la industria láctea, se elaboraron batidos lácteos saborizados. En otro proyecto similar, las proteínas séricas modificadas fueron utilizadas como ingrediente funcional en la preparación de postres lácteos, flanes y natillas.</li>
</ul>
 </div>[/vc_column][/vc_row]
