{"id":6076,"date":"2019-07-11T08:58:47","date_gmt":"2019-07-11T08:58:47","guid":{"rendered":"https:\/\/certa.uab.cat\/?page_id=6076"},"modified":"2019-09-17T11:07:34","modified_gmt":"2019-09-17T11:07:34","slug":"valoritzacio-de-sots-productes","status":"publish","type":"page","link":"https:\/\/certa.uab.cat\/index.php\/que-oferim\/valoritzacio-de-sots-productes\/","title":{"rendered":"Valoritzaci\u00f3 de sots-productes"},"content":{"rendered":"[vc_row type=&#8221;full_width_content&#8221; full_screen_row_position=&#8221;middle&#8221; equal_height=&#8221;yes&#8221; content_placement=&#8221;middle&#8221; full_height=&#8221;yes&#8221; columns_placement=&#8221;stretch&#8221; scene_position=&#8221;center&#8221; text_color=&#8221;dark&#8221; text_align=&#8221;left&#8221; overlay_strength=&#8221;0.3&#8243; shape_divider_position=&#8221;bottom&#8221; bg_image_animation=&#8221;none&#8221;][vc_column column_padding=&#8221;no-extra-padding&#8221; column_padding_position=&#8221;all&#8221; background_color_opacity=&#8221;1&#8243; background_hover_color_opacity=&#8221;1&#8243; background_image=&#8221;6038&#8243; column_link_target=&#8221;_self&#8221; column_shadow=&#8221;none&#8221; column_border_radius=&#8221;none&#8221; width=&#8221;1\/4&#8243; tablet_width_inherit=&#8221;default&#8221; tablet_text_alignment=&#8221;default&#8221; phone_text_alignment=&#8221;default&#8221; column_border_width=&#8221;none&#8221; column_border_style=&#8221;solid&#8221; bg_image_animation=&#8221;none&#8221;][divider line_type=&#8221;No Line&#8221; custom_height=&#8221;500&#8243;][\/vc_column][vc_column column_padding=&#8221;padding-8-percent&#8221; column_padding_position=&#8221;all&#8221; background_color=&#8221;#f4f4f4&#8243; background_color_opacity=&#8221;1&#8243; background_hover_color_opacity=&#8221;1&#8243; column_link_target=&#8221;_self&#8221; column_shadow=&#8221;none&#8221; column_border_radius=&#8221;none&#8221; width=&#8221;3\/4&#8243; tablet_width_inherit=&#8221;default&#8221; tablet_text_alignment=&#8221;default&#8221; phone_text_alignment=&#8221;default&#8221; column_border_width=&#8221;none&#8221; column_border_style=&#8221;solid&#8221; bg_image_animation=&#8221;none&#8221;][nectar_animated_title heading_tag=&#8221;h5&#8243; style=&#8221;color-strip-reveal&#8221; color=&#8221;Accent-Color&#8221; text=&#8221;Qu\u00e8 oferim&#8221;][vc_custom_heading text=&#8221;Valoritzaci\u00f3 de sots-productes&#8221; font_container=&#8221;tag:h3|font_size:42|text_align:left|line_height:52px&#8221; use_theme_fonts=&#8221;yes&#8221;][vc_column_text css=&#8221;.vc_custom_1568718433075{margin-top: 30px !important;margin-bottom: 30px !important;}&#8221;]La industria agroaliment\u00e0ria produeix un elevat volum de rebuig que no pot ser comercialitzat directament per\u00f2 que cont\u00e9 ingredients potencialment valuosos.<\/p>\n<p>La nostra oferta \u00e9s fer servir els ingredients el m\u00e9s a prop possible al seu estat original, nom\u00e9s eliminant les seves caracter\u00edstiques indesitjables (incloent la estabilitzaci\u00f3 microbiol\u00f2gica) i realitzant modificacions senzilles per a augmentar la seva funcionalitat.<\/p>\n<p>En el cas dels antioxidants ja coneixem que la combinaci\u00f3 de diferents compostos proporciona un efecte sin\u00e8rgic que augmenta la seva efectivitat. En sots-productes d\u2019origen vegetal freq\u00fcentment la fracci\u00f3 rica en antioxidants ho \u00e9s tamb\u00e9 en fibra, i permet combinar ambdues propietats.[\/vc_column_text]<div class=\"nectar-fancy-ul\" data-list-icon=\"icon-salient-thin-line\" data-animation=\"false\" data-animation-delay=\"0\" data-color=\"accent-color\" data-spacing=\"default\" data-alignment=\"left\"> \n<ul>\n<li>Els ingredients naturalment rics en fibra s\u2019han aplicat a productes de panificaci\u00f3 i a begudes per a millorar el seu contingut en fibra al temps que tamb\u00e9 milloren propietats sensorials i tecnol\u00f2giques.<\/li>\n<li>A partir del s\u00e8rum de formatgeria, un important subproducte de la industria l\u00e0ctia, es van elaborar batuts lactis saborizats. Aquests batuts van a ser comercialitzats per una pime catalana des de fa uns anys. En un altre projecte similar, les prote\u00efnes s\u00e8riques modificades van ser utilitzades com a ingredient funcional en la preparaci\u00f3 de postres l\u00e0ctics, flams i natilles.<\/li>\n<\/ul>\n <\/div>[\/vc_column][\/vc_row]\n","protected":false},"excerpt":{"rendered":"<p>[vc_row type=&#8221;full_width_content&#8221; full_screen_row_position=&#8221;middle&#8221; equal_height=&#8221;yes&#8221; content_placement=&#8221;middle&#8221; full_height=&#8221;yes&#8221; columns_placement=&#8221;stretch&#8221; scene_position=&#8221;center&#8221; text_color=&#8221;dark&#8221; text_align=&#8221;left&#8221; overlay_strength=&#8221;0.3&#8243; shape_divider_position=&#8221;bottom&#8221; bg_image_animation=&#8221;none&#8221;][vc_column column_padding=&#8221;no-extra-padding&#8221; column_padding_position=&#8221;all&#8221; background_color_opacity=&#8221;1&#8243; background_hover_color_opacity=&#8221;1&#8243; background_image=&#8221;6038&#8243; column_link_target=&#8221;_self&#8221; column_shadow=&#8221;none&#8221; column_border_radius=&#8221;none&#8221; width=&#8221;1\/4&#8243; tablet_width_inherit=&#8221;default&#8221; tablet_text_alignment=&#8221;default&#8221; phone_text_alignment=&#8221;default&#8221;&#8230;<\/p>\n","protected":false},"author":1,"featured_media":0,"parent":5910,"menu_order":0,"comment_status":"closed","ping_status":"closed","template":"","meta":[],"aioseo_notices":[],"_links":{"self":[{"href":"https:\/\/certa.uab.cat\/index.php\/wp-json\/wp\/v2\/pages\/6076"}],"collection":[{"href":"https:\/\/certa.uab.cat\/index.php\/wp-json\/wp\/v2\/pages"}],"about":[{"href":"https:\/\/certa.uab.cat\/index.php\/wp-json\/wp\/v2\/types\/page"}],"author":[{"embeddable":true,"href":"https:\/\/certa.uab.cat\/index.php\/wp-json\/wp\/v2\/users\/1"}],"replies":[{"embeddable":true,"href":"https:\/\/certa.uab.cat\/index.php\/wp-json\/wp\/v2\/comments?post=6076"}],"version-history":[{"count":3,"href":"https:\/\/certa.uab.cat\/index.php\/wp-json\/wp\/v2\/pages\/6076\/revisions"}],"predecessor-version":[{"id":6302,"href":"https:\/\/certa.uab.cat\/index.php\/wp-json\/wp\/v2\/pages\/6076\/revisions\/6302"}],"up":[{"embeddable":true,"href":"https:\/\/certa.uab.cat\/index.php\/wp-json\/wp\/v2\/pages\/5910"}],"wp:attachment":[{"href":"https:\/\/certa.uab.cat\/index.php\/wp-json\/wp\/v2\/media?parent=6076"}],"curies":[{"name":"wp","href":"https:\/\/api.w.org\/{rel}","templated":true}]}}

Valorització de sots-productes

[vc_row type=&#8221;full_width_content&#8221; full_screen_row_position=&#8221;middle&#8221; equal_height=&#8221;yes&#8221; content_placement=&#8221;middle&#8221; full_height=&#8221;yes&#8221; columns_placement=&#8221;stretch&#8221; scene_position=&#8221;center&#8221; text_color=&#8221;dark&#8221; text_align=&#8221;left&#8221; overlay_strength=&#8221;0.3&#8243; shape_divider_position=&#8221;bottom&#8221; bg_image_animation=&#8221;none&#8221;][vc_column column_padding=&#8221;no-extra-padding&#8221; column_padding_position=&#8221;all&#8221; background_color_opacity=&#8221;1&#8243; background_hover_color_opacity=&#8221;1&#8243; background_image=&#8221;6038&#8243; column_link_target=&#8221;_self&#8221; column_shadow=&#8221;none&#8221; column_border_radius=&#8221;none&#8221; width=&#8221;1/4&#8243; tablet_width_inherit=&#8221;default&#8221; tablet_text_alignment=&#8221;default&#8221; phone_text_alignment=&#8221;default&#8221; column_border_width=&#8221;none&#8221; column_border_style=&#8221;solid&#8221; bg_image_animation=&#8221;none&#8221;][divider line_type=&#8221;No Line&#8221; custom_height=&#8221;500&#8243;][/vc_column][vc_column column_padding=&#8221;padding-8-percent&#8221; column_padding_position=&#8221;all&#8221; background_color=&#8221;#f4f4f4&#8243; background_color_opacity=&#8221;1&#8243; background_hover_color_opacity=&#8221;1&#8243; column_link_target=&#8221;_self&#8221; column_shadow=&#8221;none&#8221; column_border_radius=&#8221;none&#8221; width=&#8221;3/4&#8243; tablet_width_inherit=&#8221;default&#8221; tablet_text_alignment=&#8221;default&#8221; phone_text_alignment=&#8221;default&#8221; column_border_width=&#8221;none&#8221; column_border_style=&#8221;solid&#8221; bg_image_animation=&#8221;none&#8221;][nectar_animated_title heading_tag=&#8221;h5&#8243; style=&#8221;color-strip-reveal&#8221; color=&#8221;Accent-Color&#8221; text=&#8221;Què oferim&#8221;][vc_custom_heading text=&#8221;Valorització de sots-productes&#8221; font_container=&#8221;tag:h3|font_size:42|text_align:left|line_height:52px&#8221; use_theme_fonts=&#8221;yes&#8221;][vc_column_text css=&#8221;.vc_custom_1568718433075{margin-top: 30px !important;margin-bottom: 30px !important;}&#8221;]La industria agroalimentària produeix un elevat volum de rebuig que no pot ser comercialitzat directament però que conté ingredients potencialment valuosos.</p>
<p>La nostra oferta és fer servir els ingredients el més a prop possible al seu estat original, només eliminant les seves característiques indesitjables (incloent la estabilització microbiològica) i realitzant modificacions senzilles per a augmentar la seva funcionalitat.</p>
<p>En el cas dels antioxidants ja coneixem que la combinació de diferents compostos proporciona un efecte sinèrgic que augmenta la seva efectivitat. En sots-productes d’origen vegetal freqüentment la fracció rica en antioxidants ho és també en fibra, i permet combinar ambdues propietats.[/vc_column_text]<div class="nectar-fancy-ul" data-list-icon="icon-salient-thin-line" data-animation="false" data-animation-delay="0" data-color="accent-color" data-spacing="default" data-alignment="left"> 
<ul>
<li>Els ingredients naturalment rics en fibra s’han aplicat a productes de panificació i a begudes per a millorar el seu contingut en fibra al temps que també milloren propietats sensorials i tecnològiques.</li>
<li>A partir del sèrum de formatgeria, un important subproducte de la industria làctia, es van elaborar batuts lactis saborizats. Aquests batuts van a ser comercialitzats per una pime catalana des de fa uns anys. En un altre projecte similar, les proteïnes sèriques modificades van ser utilitzades com a ingredient funcional en la preparació de postres làctics, flams i natilles.</li>
</ul>
 </div>[/vc_column][/vc_row]
